= 0, 759 = -0*d - 3*d - 2*p. Let k = -136 - d. What is the hundreds digit of k?
1
Suppose 3*c = 24*c - 4641. What is the hundreds digit of c?
2
Let f = -5175 + 10505. What is the thousands digit of f?
5
Suppose 26 = -2*w + 2*y - y, w + 3*y + 20 = 0. Let b be (8/w)/((-4)/14). What is the units digit of b/4 - (-328)/16?
1
Suppose 0 = l + 2*o - 36, 3*o - 75 - 91 = -5*l. Let t be (-2)/(-3) - l/(-24). Let w = t - -15. What is the tens digit of w?
1
Suppose -30*k - 2208 = -38*k. What is the units digit of k?
6
Let y = 0 + -2. Let t(r) be the second derivative of r**4/2 + r**3/6 - 19*r. What is the tens digit of t(y)?
2
Suppose -r - 3*u + 45 = 0, r = -2*r + 5*u + 135. Let j be 15/(-2)*(-324)/r. Suppose j = 2*a - a. What is the tens digit of a?
5
Let b = -8 - -20. Let p(n) = 6*n - 11. What is the tens digit of p(b)?
6
Suppose 2*o + 2905 = -0*t + 5*t, t = -o + 581. What is the tens digit of t?
8
Let i = 66 - 50. Suppose 4*s - v = i, 0*v + 2*v + 20 = 4*s. What is the units digit of s?
3
Suppose 2710 = 2*p + 3*p + 5*l, -5*l = 2*p - 1072. What is the hundreds digit of p?
5
Let j be 282/90 + 4/(-30). Let s = j + -1. Suppose 2*k + s*o - 10 = 0, 6 - 29 = -k + 5*o. What is the units digit of k?
8
Let q = 78 - 86. What is the tens digit of (1 - 446/q) + (-1)/(-4)?
5
Let h be 80/(-12) - (-1)/(-3). Let o be (h - -8)/((-1)/5). Let s(i) = -i + 8. What is the tens digit of s(o)?
1
Suppose 16 = 4*b, 4*b - 3*b + 686 = 2*m. Suppose -2*r + m = n, 0 = 3*r + 2*r. What is the hundreds digit of n?
3
Let b(n) = -102*n**3 + 15*n + 27. What is the hundreds digit of b(-2)?
8
Let y(l) = 7*l**2 + 3*l - 1. Let u(f) be the second derivative of f**5/20 - f**4/2 + f**2 + 3*f. Let z be u(6). What is the units digit of y(z)?
3
Let f(w) = -34*w**2 + 2*w - 1. Let n be f(-2). Let y = 242 + n. What is the hundreds digit of y?
1
Let u(o) = 160*o - 4. Let a(q) = 43*q - 4. Let v(b) = 44*b - 5. Let k(g) = 4*a(g) - 3*v(g). Let p(l) = -9*k(l) + 2*u(l). What is the units digit of p(-1)?
1
Let s(o) = 2*o**2 + 3*o - 4. Let t be s(-3). Suppose -5*n = 3*m - m - 111, -n = t*m - 36. What is the units digit of 1/2 + n/14?
2
Let x(l) be the second derivative of -2*l + 1/6*l**3 + 7/2*l**2 + 0. What is the units digit of x(-3)?
4
Let p = 1002 + -341. What is the tens digit of p?
6
Suppose -m = 12*d - 3244, -2*d - 4*m = -3*d + 254. Let y(l) = -2*l. Let z be y(-2). Suppose 9*q - z*q - d = 0. What is the units digit of q?
4
Let o(m) be the third derivative of -m**4/12 + 5*m**3/3 - 4*m**2. Let f(s) = 3*s - 19. Let h(a) = -3*f(a) - 5*o(a). What is the units digit of h(-3)?
4
Let p be 216/32 + (-3)/(-12). Let x(f) = -5*f + 5*f + 2*f**2 + 5 - 11*f. What is the tens digit of x(p)?
2
Let v = 5362 - 3360. What is the units digit of v?
2
Suppose 3*i - r + 6*r - 863 = 0, 0 = i - 2*r - 284. Let k = -158 + i. What is the tens digit of k?
2
Let v be -1 - -2 - (0 + 0). Let d be (-1 - -1)*v - -23. Suppose 0 = 3*b - 101 + d. What is the tens digit of b?
2
Suppose -16 = -3*w - w, -5*w + 22 = -o. Let z(v) = v**3 + 4*v**2 - 7*v - 7. Let t be z(-5). What is the tens digit of (o - -18) + t + -2?
1
Suppose 584 = 14*g - 3392. Suppose 0 = -5*x + 3*x + 4*q + g, 0 = -x + 3*q + 142. What is the tens digit of x?
4
Suppose -12879 = -6*t - 3*p, 11*t = 8*t + 2*p + 6429. What is the hundreds digit of t?
1
Suppose -2 = -2*v, 4*z - 2*v - 283 = 571. What is the units digit of z?
4
Let p = 22 + -14. Let x be p*(-1 - 3/3). What is the tens digit of (x - -16) + (29 - -1)?
3
Let u(c) = 38 - 39 + c**2 + 2*c**2. What is the units digit of u(1)?
2
Suppose 0 = -6*r + r + 215. Suppose -185 - 250 = -5*a + 5*z, 231 = 3*a + 3*z. Suppose a = 5*j - r. What is the tens digit of j?
2
What is the tens digit of 2 + 1123 - 5*(-4 + 5)?
2
Let a = 57 - -38. What is the tens digit of a?
9
Let x = 4 - -1. Suppose 4*s + 2*r = x*r - 15, 30 = -4*s - 2*r. Let n = 3 - s. What is the units digit of n?
9
Let u(x) = 103*x**2 + 23*x + 95. What is the hundreds digit of u(-4)?
6
Let v = -28 + 22. Let x be (8 - v/(-2))*-1. Let n = 43 + x. What is the tens digit of n?
3
Suppose 0 = -4*k - 271 + 11. Let z = -35 - k. What is the units digit of z?
0
Let x = 1156 - 1123. Suppose 2*i - 8 = 22. What is the tens digit of (i/2)/(x/220)?
5
Let b(p) = -3*p - 5. Let t = 2 + 7. Let d = -7 - t. What is the tens digit of b(d)?
4
Let r(t) be the second derivative of t**5/20 - 23*t**4/12 + 5*t**3 - 10*t**2 + 32*t. What is the hundreds digit of r(22)?
1
Suppose 0 = 3*h + 6*h - 2430. What is the hundreds digit of h?
2
Let s(c) = -4*c**2 - 2 + 2 + c**3 - 2*c. Let v be s(5). What is the tens digit of (39 - 0)/(v/10)?
2
Let s = -45 + 175. Let l = s + -7. What is the tens digit of l?
2
Suppose 0 = -58*p - 28*p + 293862. What is the tens digit of p?
1
Let n be 150/((-1)/7*(-6)/(-3)). Let g = -357 - n. What is the hundreds digit of g?
1
Let t(h) = -519*h + 243. What is the tens digit of t(-4)?
1
Let v(r) = -2*r**3 - 12*r**2 - 9*r - 2. Let s be v(-9). Suppose 5*f = 3*w - s, f + 929 = 5*w - f. Suppose -w = -5*j - 0*j. What is the units digit of j?
7
Suppose -g + 6*g + 30 = 0. What is the units digit of g/5*(-10)/(1 + 0)?
2
Suppose 3*k - 3906 = -9*s + 6*s, -2*s - 3921 = -3*k. What is the tens digit of k?
0
Let q be (-40)/(-5) + 1/1. Let v = -4 - q. Let n = v + 32. What is the units digit of n?
9
Suppose 0 = -6*i + 5*i. Let c be (-4)/((-2)/1) - -2. What is the tens digit of 2 - (i/c + -22)?
2
What is the hundreds digit of 5/15*6 - (-5298)/6?
8
Suppose 2*h - h = 4*z, -1 = z. Let b = 79 + h. What is the units digit of b?
5
What is the hundreds digit of ((-2)/4)/(-6*5/9360)?
1
Let m be (-14)/21 + (-22)/(-6). Suppose -m*u + 161 + 70 = 0. Suppose 0 = 4*q - 3 - u. What is the tens digit of q?
2
Let w(m) = 7*m**2 + 49*m + 33. What is the hundreds digit of w(-15)?
8
Let v(u) = -u**3 + 2*u**2 + 3*u - 4. Let y be v(3). What is the units digit of 4/8 - -257*(-2)/y?
9
Let r(q) = -98*q + 8. What is the units digit of r(-7)?
4
Let c(x) = 10*x**2 - x + 6. Let v(p) = p - 1. Let d be v(-4). What is the units digit of c(d)?
1
Suppose -5*d + 5*v - 10 = -4*d, 35 = 4*d + 5*v. Let t = d - 11. Let b = 8 + t. What is the units digit of b?
2
Let r(b) = -406*b - 16. What is the units digit of r(-3)?
2
Suppose -5*j = 3*h - 181, -4*j - 4*h + 61 = -79. Let z(d) = -d**2 + 25*d + 152. Let b be z(-5). Suppose -j = -b*m + 74. What is the tens digit of m?
5
Suppose 4*i + 2*n = 3*i + 11, n - 1 = i. Let o(k) = 2*k**2 + 0 + 2 - 2*k + 8*k - 3. What is the tens digit of o(i)?
3
Let m(f) = 0*f**2 - 4 + 2*f - 3*f**2 + 17*f**3 + 3*f**2. What is the tens digit of m(2)?
3
What is the units digit of (-59)/3*(50 + -371)?
3
Suppose -4*w + 39 - 19 = 0. Let l = 4 + w. Suppose -l = 3*m, 2*m - m + 144 = 3*z. What is the tens digit of z?
4
Let p be -3 + (-1)/(3/(-165)). Suppose -5*s + p = 2*n, -5*s + 47 = -n - 2*n. What is the tens digit of s?
1
Let c(q) = q + 18. Let a be c(-15). Let t = a + 3. What is the tens digit of t/(-9) + (-142)/(-6)?
2
Let h(n) = n**3 + 10*n**2 - 13*n - 23. Let l be h(-11). Suppose -2 + 8 = 2*o, 3*b - 27 = -5*o. Let z = l + b. What is the units digit of z?
3
Suppose -2*v = 6, -b + 2*v = -6 + 1. Let p = b + -7. Let o = p + 11. What is the units digit of o?
3
Let y = 3 + -3. Suppose 4*u = -5*m + 95, -m - 5 = -y*m. What is the units digit of (3 - 1)*u/20?
3
Suppose 4*t - 3*w + 264 = 1127, -t + 3*w = -209. Suppose -5*i - t + 548 = 0. What is the tens digit of i?
6
Let o = -1233 - -1753. What is the hundreds digit of o?
5
What is the hundreds digit of (92260/(-42) + 14)*(-3)/2?
2
Suppose -37*i = -36*i + 69. Let k = 76 - i. What is the tens digit of k?
4
Suppose 4*f + 12 = 6*f + 2*s, -2*f + 5*s = -19. Suppose f*p - 5*p = 6. What is the units digit of p?
3
Let t = -33 - 33. Let f = -137 - t. Let a = f - -107. What is the units digit of a?
6
Suppose -85 = -7*q + 1567. Suppose -q = -5*i - g, -g - 4 = -0. What is the units digit of i?
8
Suppose -62604 = -51*v + 14*v. What is the hundreds digit of v?
6
Let w = -94 - -150. Let b = 24 - 24. Suppose b = -5*o + 4*z + 256, 4*z - w = 2*o - 3*o. What is the units digit of o?
2
Let l(x) = x**3 - 12*x**2 - 2*x + 9. Let f be l(12). Let h = f + 15. Suppose 0 = -b - h*b + 18. What is the tens digit of b?
1
Suppose 4*p - 29 + 5 = 0. Suppose 0 = -13*f + p*f + 161. What is the units digit of f?
3
Supp